[INFO] fetching crate proximity 0.1.1...
[INFO] checking proximity-0.1.1 against master#af3c6e733a40e671550e0f0f5aeecaa13772ba56 for pr-74989
[INFO] extracting crate proximity 0.1.1 into /workspace/builds/worker-10/source
[INFO] validating manifest of crates.io crate proximity 0.1.1 on toolchain af3c6e733a40e671550e0f0f5aeecaa13772ba56
[INFO] running `Command { std: "/workspace/cargo-home/bin/cargo" "+af3c6e733a40e671550e0f0f5aeecaa13772ba56" "read-manifest" "--manifest-path" "Cargo.toml", kill_on_drop: false }`
[INFO] started tweaking crates.io crate proximity 0.1.1
[INFO] finished tweaking crates.io crate proximity 0.1.1
[INFO] tweaked toml for crates.io crate proximity 0.1.1 written to /workspace/builds/worker-10/source/Cargo.toml
[INFO] running `Command { std: "/workspace/cargo-home/bin/cargo" "+af3c6e733a40e671550e0f0f5aeecaa13772ba56" "generate-lockfile" "--manifest-path" "Cargo.toml" "-Zno-index-update", kill_on_drop: false }`
[INFO] running `Command { std: "/workspace/cargo-home/bin/cargo" "+af3c6e733a40e671550e0f0f5aeecaa13772ba56" "fetch" "--locked" "--manifest-path" "Cargo.toml", kill_on_drop: false }`
[INFO] running `Command { std: "docker" "create" "-v" "/var/lib/crater-agent-workspace/builds/worker-10/target:/opt/rustwide/target:rw,Z" "-v" "/var/lib/crater-agent-workspace/builds/worker-10/source:/opt/rustwide/workdir:ro,Z" "-v" "/var/lib/crater-agent-workspace/cargo-home:/opt/rustwide/cargo-home:ro,Z" "-v" "/var/lib/crater-agent-workspace/rustup-home:/opt/rustwide/rustup-home:ro,Z" "-e" "SOURCE_DIR=/opt/rustwide/workdir" "-e" "CARGO_TARGET_DIR=/opt/rustwide/target" "-e" "CARGO_HOME=/opt/rustwide/cargo-home" "-e" "RUSTUP_HOME=/opt/rustwide/rustup-home" "-w" "/opt/rustwide/workdir" "-m" "1610612736" "--user" "0:0" "--network" "none" "rustops/crates-build-env@sha256:d92eaeed33fa75130ca1ee6c8a01d1ffb62bac859dfdfb3450e3e5d1c0146529" "/opt/rustwide/cargo-home/bin/cargo" "+af3c6e733a40e671550e0f0f5aeecaa13772ba56" "metadata" "--no-deps" "--format-version=1", kill_on_drop: false }`
[INFO] [stdout] 8404d69aef8b668df7da0b17124c2a02f6c571c6ed73186f4ad07f05efcbdd8e
[INFO] [stderr] WARNING: Your kernel does not support swap limit capabilities or the cgroup is not mounted. Memory limited without swap.
[INFO] running `Command { std: "docker" "start" "-a" "8404d69aef8b668df7da0b17124c2a02f6c571c6ed73186f4ad07f05efcbdd8e", kill_on_drop: false }`
[INFO] running `Command { std: "docker" "inspect" "8404d69aef8b668df7da0b17124c2a02f6c571c6ed73186f4ad07f05efcbdd8e", kill_on_drop: false }`
[INFO] running `Command { std: "docker" "rm" "-f" "8404d69aef8b668df7da0b17124c2a02f6c571c6ed73186f4ad07f05efcbdd8e", kill_on_drop: false }`
[INFO] [stdout] 8404d69aef8b668df7da0b17124c2a02f6c571c6ed73186f4ad07f05efcbdd8e
[INFO] running `Command { std: "docker" "create" "-v" "/var/lib/crater-agent-workspace/builds/worker-10/target:/opt/rustwide/target:rw,Z" "-v" "/var/lib/crater-agent-workspace/builds/worker-10/source:/opt/rustwide/workdir:ro,Z" "-v" "/var/lib/crater-agent-workspace/cargo-home:/opt/rustwide/cargo-home:ro,Z" "-v" "/var/lib/crater-agent-workspace/rustup-home:/opt/rustwide/rustup-home:ro,Z" "-e" "SOURCE_DIR=/opt/rustwide/workdir" "-e" "CARGO_TARGET_DIR=/opt/rustwide/target" "-e" "CARGO_INCREMENTAL=0" "-e" "RUST_BACKTRACE=full" "-e" "RUSTFLAGS=--cap-lints=forbid" "-e" "CARGO_HOME=/opt/rustwide/cargo-home" "-e" "RUSTUP_HOME=/opt/rustwide/rustup-home" "-w" "/opt/rustwide/workdir" "-m" "1610612736" "--user" "0:0" "--network" "none" "rustops/crates-build-env@sha256:d92eaeed33fa75130ca1ee6c8a01d1ffb62bac859dfdfb3450e3e5d1c0146529" "/opt/rustwide/cargo-home/bin/cargo" "+af3c6e733a40e671550e0f0f5aeecaa13772ba56" "check" "--frozen" "--all" "--all-targets" "--message-format=json", kill_on_drop: false }`
[INFO] [stdout] 09f0c27aaffb32b87ee9f62986028d6def3f924642b0f0dbfb3fc7817a1141d1
[INFO] [stderr] WARNING: Your kernel does not support swap limit capabilities or the cgroup is not mounted. Memory limited without swap.
[INFO] running `Command { std: "docker" "start" "-a" "09f0c27aaffb32b87ee9f62986028d6def3f924642b0f0dbfb3fc7817a1141d1", kill_on_drop: false }`
[INFO] [stderr]     Blocking waiting for file lock on package cache
[INFO] [stderr]    Compiling libc v0.2.77
[INFO] [stderr]    Compiling serde v1.0.116
[INFO] [stderr]    Compiling getrandom v0.1.15
[INFO] [stderr]    Compiling semver-parser v0.7.0
[INFO] [stderr]    Compiling byteorder v1.3.4
[INFO] [stderr]    Compiling memchr v2.3.3
[INFO] [stderr]    Compiling unicode-xid v0.2.1
[INFO] [stderr]    Compiling wide v0.4.6
[INFO] [stderr]     Checking ppv-lite86 v0.2.9
[INFO] [stderr]    Compiling version_check v0.9.2
[INFO] [stderr]    Compiling bitflags v1.2.1
[INFO] [stderr]     Checking half v1.6.0
[INFO] [stderr]     Checking same-file v1.0.6
[INFO] [stderr]     Checking oorandom v11.1.2
[INFO] [stderr]    Compiling num-traits v0.2.12
[INFO] [stderr]    Compiling num-complex v0.2.4
[INFO] [stderr]    Compiling num-integer v0.1.43
[INFO] [stderr]    Compiling num-rational v0.2.4
[INFO] [stderr]    Compiling paste-impl v0.1.18
[INFO] [stderr]     Checking itertools v0.9.0
[INFO] [stderr]     Checking walkdir v2.3.1
[INFO] [stderr]    Compiling proc-macro2 v1.0.21
[INFO] [stderr]    Compiling semver v0.9.0
[INFO] [stderr]     Checking generic-array v0.13.2
[INFO] [stderr]    Compiling generic-array v0.14.4
[INFO] [stderr]     Checking clap v2.33.3
[INFO] [stderr]    Compiling rustc_version v0.2.3
[INFO] [stderr]     Checking csv-core v0.1.10
[INFO] [stderr]    Compiling quote v1.0.7
[INFO] [stderr]     Checking paste v0.1.18
[INFO] [stderr]     Checking regex-automata v0.1.9
[INFO] [stderr]    Compiling cast v0.2.3
[INFO] [stderr]    Compiling syn v1.0.40
[INFO] [stderr]     Checking num_cpus v1.13.0
[INFO] [stderr]     Checking atty v0.2.14
[INFO] [stderr]     Checking approx v0.3.2
[INFO] [stderr]     Checking plotters v0.2.15
[INFO] [stderr]     Checking rayon-core v1.8.0
[INFO] [stderr]     Checking criterion-plot v0.4.3
[INFO] [stderr]     Checking rand_core v0.5.1
[INFO] [stderr]     Checking rand_chacha v0.2.2
[INFO] [stderr]     Checking rand v0.7.3
[INFO] [stderr]     Checking simba v0.1.5
[INFO] [stderr]     Checking rayon v1.4.0
[INFO] [stderr]     Checking rand_distr v0.2.2
[INFO] [stderr]     Checking nalgebra v0.21.1
[INFO] [stderr]     Checking serde_json v1.0.57
[INFO] [stderr]     Checking bstr v0.2.13
[INFO] [stderr]     Checking serde_cbor v0.11.1
[INFO] [stderr]     Checking csv v1.1.3
[INFO] [stderr]     Checking tinytemplate v1.1.0
[INFO] [stderr]    Compiling serde_derive v1.0.116
[INFO] [stderr]     Checking criterion v0.3.3
[INFO] [stderr]     Checking proximity v0.1.1 (/opt/rustwide/workdir)
[INFO] [stdout] error[E0433]: failed to resolve: use of undeclared type or module `proximity_db`
[INFO] [stdout]  --> benches/distance.rs:6:5
[INFO] [stdout]   |
[INFO] [stdout] 6 | use proximity_db::sky::Sky;
[INFO] [stdout]   |     ^^^^^^^^^^^^ use of undeclared type or module `proximity_db`
[INFO] [stdout] 
[INFO] [stdout] 
[INFO] [stdout] error[E0432]: unresolved import `enum_iterator`
[INFO] [stdout]  --> benches/distance.rs:5:5
[INFO] [stdout]   |
[INFO] [stdout] 5 | use enum_iterator::IntoEnumIterator;
[INFO] [stdout]   |     ^^^^^^^^^^^^^ use of undeclared type or module `enum_iterator`
[INFO] [stdout] 
[INFO] [stdout] 
[INFO] [stdout] error[E0432]: unresolved import `proximity_db`
[INFO] [stdout]  --> benches/distance.rs:7:5
[INFO] [stdout]   |
[INFO] [stdout] 7 | use proximity_db::SupportedSize;
[INFO] [stdout]   |     ^^^^^^^^^^^^ use of undeclared type or module `proximity_db`
[INFO] [stdout] 
[INFO] [stdout] 
[INFO] [stdout] error[E0433]: failed to resolve: use of undeclared type or module `Sky`
[INFO] [stdout]   --> benches/distance.rs:29:19
[INFO] [stdout]    |
[INFO] [stdout] 29 |         let sky = Sky::default();
[INFO] [stdout]    |                   ^^^ use of undeclared type or module `Sky`
[INFO] [stdout] 
[INFO] [stdout] 
[INFO] [stdout] error[E0433]: failed to resolve: use of undeclared type or module `num_cpus`
[INFO] [stdout]   --> benches/distance.rs:59:22
[INFO] [stdout]    |
[INFO] [stdout] 59 |         .num_threads(num_cpus::get())
[INFO] [stdout]    |                      ^^^^^^^^ use of undeclared type or module `num_cpus`
[INFO] [stdout] 
[INFO] [stdout] 
[INFO] [stdout] warning: unused import: `rand::seq::SliceRandom`
[INFO] [stdout]   --> benches/distance.rs:10:5
[INFO] [stdout]    |
[INFO] [stdout] 10 | use rand::seq::SliceRandom;
[INFO] [stdout]    |     ^^^^^^^^^^^^^^^^^^^^^^
[INFO] [stdout]    |
[INFO] [stdout]    = note: `#[warn(unused_imports)]` on by default
[INFO] [stdout] 
[INFO] [stdout] 
[INFO] [stdout] error: aborting due to 5 previous errors; 1 warning emitted
[INFO] [stdout] 
[INFO] [stdout] 
[INFO] [stdout] Some errors have detailed explanations: E0432, E0433.
[INFO] [stdout] 
[INFO] [stdout] For more information about an error, try `rustc --explain E0432`.
[INFO] [stdout] 
[INFO] [stderr] error: could not compile `proximity`.
[INFO] [stderr] 
[INFO] [stderr] To learn more, run the command again with --verbose.
[INFO] running `Command { std: "docker" "inspect" "09f0c27aaffb32b87ee9f62986028d6def3f924642b0f0dbfb3fc7817a1141d1", kill_on_drop: false }`
[INFO] running `Command { std: "docker" "rm" "-f" "09f0c27aaffb32b87ee9f62986028d6def3f924642b0f0dbfb3fc7817a1141d1", kill_on_drop: false }`
[INFO] [stdout] 09f0c27aaffb32b87ee9f62986028d6def3f924642b0f0dbfb3fc7817a1141d1
